ve h(6).
-2
Let d = -108 - -114. Suppose 36*t - d = 37*t. Let u(f) be the first derivative of f**3/3 + 7*f**2/2 + 9*f - 1. Give u(t).
3
Let a(c) = -4*c - 6. Let d(h) = 21*h + 27. Let r(v) = 10*a(v) + 2*d(v). Determine r(4).
2
Let j(n) be the first derivative of n**2/2 - 8*n + 15. Let f(w) = -1. Let v(u) = -4*f(u) + j(u). Give v(3).
-1
Let c(x) = x**2 + 5*x - 3. Suppose -4*u = i - 17, 10 = -u + 3*i - 2. Let s be (54/(-8))/(234/624). Let q be (s/6)/(u/4) - 1. Calculate c(q).
-3
Let d(l) = 21885*l + 3*l**2 - 6 + l**3 - 21892*l - 3. Determine d(-4).
3
Let o(t) = t**2 + 10*t + 12. Let g(w) = -w**3 - 3*w**2 - 3*w - 5. Let r be g(-5). Let h(q) = r*q + 27 - 34*q - 31*q. Let p be h(7). What is o(p)?
-4
Let d be (80/(-100))/(3/((-75)/10)). Let x(v) be the first derivative of 0*v - 3/2*v**d + 2/3*v**3 - 2. Calculate x(3).
9
Suppose -1185 = -451*d + 1070. Let b(r) = -2*r - 11 - r + r. Determine b(d).
-21
Let q(g) = g**2 - 5*g + 2. Let v be q(4). Let u(o) = 28 + 3132*o - 3134*o - 28. What is u(v)?
4
Let n(c) = 2*c**2 - 60*c + 6. Let q(s) = 10*s**2 + 7*s - 158. Let v be q(4). Calculate n(v).
6
Suppose -5*h - 29 = -4*w, w - 6*w + 25 = -4*h. Suppose 113*r - 264 = 110*r. Let j(v) = v**3 + 1 - r*v**2 + 1 + 177*v**2 - 84*v**2. Give j(h).
2
Let h(r) be the third derivative of r**5/60 - 4*r**4/3 + 16*r**3/3 + r**2 - 360. Calculate h(31).
1
Let u(g) be the first derivative of -23/2*g**2 + 1/6*g**4 + 0*g - 6 - 1/60*g**5 + 7/6*g**3. Let l(o) be the second derivative of u(o). Give l(5).
2
Let d(o) be the first derivative of 301 - 1/4*o**4 - 6*o**2 + 4*o**3 - 3*o. Calculate d(11).
-14
Let g(z) = -11*z - 3. Suppose 98*u + 230 = 144*u. Calculate g(u).
-58
Let j(k) = -11*k**2 - k**2 + 15 - 2*k**2 + 6*k + 18*k**2 - 5*k**2. Determine j(8).
-1
Let b(g) = -g + 2. Let d be 4 + (288/20)/((-6)/(-20)). Let z be 8/d - (-33)/39. Suppose 0*v = 5*j + 5*v + 15, -3*j = 5*v + z. What is b(j)?
9
Let g(y) be the first derivative of -y**3/3 + 5*y**2/2 + 17*y - 4640. Give g(4).
21
Let l(b) = b**3 + 4*b**2 + 2*b - 13. Let h(y) = y**2 - 67*y - 358. Let x be h(-5). Calculate l(x).
15
Let v(o) = 7*o + 10 + 11*o + o**2 - 19*o. Let d be (2 + (-9)/6)*-14 - -7. Calculate v(d).
10
Let s be ((-2)/1)/(-1) + 0. Let k(v) = -48*v**2 - 50*v**2 + 1 - 45*v**2 + 239*v**2 - 48*v**2 - 51*v**2. Calculate k(s).
-11
Let c be ((-616)/(-66))/(24/(-18)). Let j(q) = 0 + 2*q + 0 + 0. Determine j(c).
-14
Let t(m) = 25*m - 14. Let b(v) be the second derivative of -31*v**3/3 + 17*v**2 + 5*v - 2. Let n(p) = 5*b(p) + 12*t(p). Calculate n(-2).
22
Let z(f) = -f**2 + f - 1. Let t(d) = 6*d**2 + 52*d - 62. Let w(u) = t(u) + 4*z(u). Give w(-29).
-8
Suppose -28*l + 31*l + 3 = 0, 7 = -2*c - 3*l. Let b(o) = -3*o**2 - 36*o - 70. Calculate b(c).
-10
Let w(b) = b**2 - 7*b + 4. Let d(q) be the second derivative of -q**4/6 - 8*q**3/3 + 7*q**2/2 - 3*q + 4. Let r be d(-8). What is w(r)?
4
Let a = -25072 + 25064. Let y(m) = -18*m - 163. Give y(a).
-19
Suppose 2*f - 4*r - 24 = 0, 2*f - 7 = 2*r + 7. Let b(h) = 3*h + 4*h**2 - f*h**2 + h**2 - h**3. Let t = -64482 - -64485. Calculate b(t).
9
Let c(t) = 2*t**3 + 3*t**2 + 4. Let z = 208 - 204. Let j be 3/2*z/(-2). Determine c(j).
-23
Let p be -1 + -5 + 49 + -25. Let n(q) = -1 + 19*q**3 + 8 + 3*q - p*q**3 - 7*q**2. Give n(6).
-11
Let q(x) = x**3 + 8*x**2 - 9*x + 8. Let o be q(-9). Let i(f) = 2*f - o + 2*f + 26 - 6*f. Give i(10).
-2
Let c(p) = -p**3 - 4*p**2 - p - 34. Let s(r) = -r**3 - 11*r**2 - 2*r - 34. Let q(t) = -3*c(t) + 2*s(t). What is q(10)?
24
Let v(t) = 1 - 31*t**3 - t**2 + 25*t - 246*t**3 + 13*t**2 + 278*t**3. Determine v(-10).
-49
Let d = -506 + 534. Let b(h) = -114 + d*h - 113 - 115 + 343. Give b(1).
29
Let d(r) = 5*r + 1. Let s be 85/10 - 15/6. Let y be 18 - 22 - 4/(-2 - -1). Suppose y = s*u - 5*u - 2. Calculate d(u).
11
Let d(j) be the first derivative of -j**3 - 33*j**2/2 - 10*j - 361. What is d(-11)?
-10
Let c(h) = -h**2 + 8*h + 1. Suppose -15*i + 16*i + 10 = 0. Let t be (28/35)/(1/i*-1). Determine c(t).
1
Let q(m) be the first derivative of m**4/4 - 7*m**3/3 + 4*m**2 + 8*m - 1331. Calculate q(5).
-2
Let p(d) = -d + 4. Let o(c) = -c + 3. Let b be (1/(-2))/(-1 - 10/(-12)). Let m(g) = b*o(g) - 2*p(g). Let w be (-2)/(-11) - (-14)/(-77). Determine m(w).
1
Suppose -6017 = 112*b - 123*b. Let o = 536 - b. Let s(h) = 2*h + 14. What is s(o)?
-8
Let x(u) be the second derivative of u**5/20 - 29*u**4/12 + 55*u**3/6 - 18*u**2 + 6446*u. Give x(27).
-9
Let p(w) = w**2 + 15*w + 28. Let x be p(-12). Let b be 0/x + (74 - -2). Let y be 6/27 + b/(-18). Let g(l) = -l**2 - 3*l. Determine g(y).
-4
Suppose 72*a - 70*a + n = -3, 20 = 5*a - 3*n. Let z(d) = 11*d**2 + 2. Calculate z(a).
13
Suppose -2*u + 8 = 4*b, 5*b - 3*u = -7*u + 13. Let j be (12916/6)/(-8 + 175/21). Let q(w) = 6466*w**2 - j*w**2 + 2 - 3 + w. What is q(b)?
8
Let p(h) be the third derivative of -h**3/2 - 3*h**2. Let n be (1 + -5)*(-18)/(-24). Let w(q) = q - 2. Let f(l) = n*p(l) + 4*w(l). Calculate f(-1).
-3
Let k = 1004 + -1000. Let q(n) = n**3 - 3*n**2 - 6*n + 11. Calculate q(k).
3
Let n(k) = 2*k**2 - 15*k + 15. Let h(l) = -l**2 + 7*l - 7. Let y(i) = -5*h(i) - 3*n(i). Suppose -4*v = -4*g - 64, -4*v + 2*g + 113 = 57. Determine y(v).
-34
Let v(q) be the first derivative of -11*q**2/2 - 287*q - 1420. What is v(-26)?
-1
Let x(l) = l + 8. Let o be (-8)/(-2) - (4 - 2). Let f(r) = 6*r**2 + 19*r + 18. Let n be f(-1). Suppose -3*h = s - n + o, -s - h = 3. What is x(s)?
2
Let c be ((-30)/(-7))/((-30)/140). Let v be (0 - -6) + c/(4 + 0). Let d(z) = -26*z - 1. Determine d(v).
-27
Let h(u) = 1100*u - 1097*u - 1 - 1 - 2*u**2 - 1. Let m(n) = -4*n**2 + 7*n - 8. Let y(c) = 5*h(c) - 3*m(c). Give y(4).
17
Let p(b) be the second derivative of -b**5/30 - b**4/12 - b**3/6 + 11*b**2 - 3*b + 5. Let w(k) be the first derivative of p(k). What is w(-4)?
-25
Let s be (3/(-2))/(6/(-4)). Let p(y) = 8*y + 2 + 5 + 4 - 10. Let w(q) = -q. Let l(d) = -p(d) - 2*w(d). Determine l(s).
-7
Let q(c) be the third derivative of c**4/4 - 25*c**3/3 - 43*c**2 + 6*c. Determine q(8).
-2
Suppose -4*p - 8 = 0, -4 = -r + 3*p + 6. Let i(d) = -3*d**2 + r*d**2 - 5*d + 2*d. Suppose -3869 = -1830*q + 1621. Calculate i(q).
0
Suppose 2*w - 3*o + 8*o = -31, 4*o = -12. Let g(c) = -5*c - 18. Calculate g(w).
22
Let g(o) = o - 4. Let t(d) = d**2 + 14*d + 27. Let b be 10/4*66/55. Let u(w) = 2*w**2 + 28*w + 54. Let p(l) = b*u(l) - 7*t(l). Let v be p(-11). Determine g(v).
2
Let h(o) = -7*o**3 - 5*o**2 - 2*o + 2. Let j(g) = 4*g**3 + 3*g**2 + g - 1. Let n = -39 + 34. Let f(a) = n*j(a) - 3*h(a). Let c = 115 - 114. Determine f(c).
1
Let o(p) = 15*p + 46. Let k be o(-3). Let m(b) = -8*b - 15. Let n(r) = -r - 2. Let w(g) = k*m(g) - 6*n(g). Give w(4).
-11
Let s(d) = 6*d + 64. Let i be s(8). Suppose 5*j = -i + 117. Let r(x) = 2*x - 3. Give r(j).
-1
Let z(s) = 5*s**2 - 14*s - 11. Suppose 1 + 1399 = 350*g. Give z(g).
13
Let d(m) = 60366*m - 3*m**2 - 12*m**3 - 60373*m - 5 + 6*m**3. What is d(-2)?
45
Let x(j) be the first derivative of 2*j**3/3 + 17*j**2/2 + 2*j + 42. Let h be x(-8). Let t be (4/h*3)/(-4)*8. Let y(b) = -b**2 + 5*b - 6. What is y(t)?
-2
Let x(g) = g + 3. Let w(m) = m**2 + 6*m + 6. Let z be w(-6). Let f(d) = d**2 - 15*d + 50. Let u be f(z). Let n be -6 + (-5 - u - -2)*-1. Calculate x(n).
-4
Let k(s) = 52 + 26 - 6*s - 10*s + 4*s. Give k(6).
6
Let l(j) = 1 - 2 - 75*j + 0 - 74*j + 148*j. Let o(p) = p**2 + 5*p - 5. Let t be o(-5). Let b = -10 - t. Calculate l(b).
4
Let i = -287 - -279. Let w(r) be the first derivative of 6*r - 1/3*r**3 - 12 - 7/2*r**2. What is w(i)?
-2
Let o(a) = 11*a + 11. Let w(b) = 5*b + 5. Let d(k) = -4*o(k) + 9*w(k). Suppose p + 2*c = -1, 20 = -5*p - 81*c + 76*c. Calculate d(p).
-6
Let j(a) be the third derivative of 1/120*a**6 - 1/12*a**5 - 60*a**2 + 0*a + 1/24*a**4 + 0 - 7/6*a**3. Calculate j(5).
-2
Let g(a) be the second derivative of -a**3/6 + a**2/2 - a - 513. Let d be (-70)/9 - (-7 + (-325)/(-45)). Calculate g(d).
9
Let r(s) = -73*s**2 + 4*s - 387. Let i(v) = -117*v**2 + 6*v - 580. Let u(x) = 5*i(x) - 8*r(x). Give u(13).
1
Let r(b) = b**3 + 8*b**2 + 12*b + 9. Suppose 68 = -22*x - 65 + 1. What is r(x)?
9
Let z(m) = -20*m**3 + 27*m**2 - 22*m - 17. Let v(d) = -13*d**2 + 3 + 11*d + 2 + 3 - 17*d**3 + 26*d**3. Let o(c) = -9*v(c) - 4*z(c). What is o(8)?
-28
Let n(s) = s**2 + 5*s 